873386 is divided by 1585.
1501
What is the remainder when 9446983 is divided by 1033?
198
What is the remainder when 86085 is divided by 95?
15
Calculate the remainder when 1606124 is divided by 2408.
2396
What is the remainder when 8979335 is divided by 634?
627
What is the remainder when 9665417 is divided by 670?
667
Calculate the remainder when 241541345 is divided by 106.
99
Calculate the remainder when 424671791 is divided by 39.
11
What is the remainder when 31983 is divided by 775?
208
What is the remainder when 58161625 is divided by 1876?
1873
Calculate the remainder when 47279490 is divided by 105.
90
What is the remainder when 20344859 is divided by 36?
35
What is the remainder when 33304 is divided by 31949?
1355
What is the remainder when 7304269 is divided by 913032?
13
Calculate the remainder when 10609556 is divided by 250.
56
What is the remainder when 721919 is divided by 384?
383
What is the remainder when 1621574 is divided by 38608?
38
What is the remainder when 124396 is divided by 4606?
34
Calculate the remainder when 178290 is divided by 655.
130
Calculate the remainder when 10617562 is divided by 305.
207
Calculate the remainder when 609085 is divided by 2548.
113
What is the remainder when 1190816 is divided by 10728?
8
What is the remainder when 20680599 is divided by 142?
3
Calculate the remainder when 570939 is divided by 190146.
501
What is the remainder when 252657 is divided by 1535?
917
Calculate the remainder when 8365104 is divided by 252.
216
Calculate the remainder when 9858876 is divided by 1971735.
201
What is the remainder when 72622 is divided by 3235?
1452
Calculate the remainder when 2783992 is divided by 29935.
37
Calculate the remainder when 130423 is divided by 367.
138
What is the remainder when 4705770 is divided by 392146?
18
What is the remainder when 8807758 is divided by 83092?
6
Calculate the remainder when 2228533 is divided by 119.
20
What is the remainder when 57299 is divided by 8828?
4331
What is the remainder when 37579622 is divided by 19?
16
What is the remainder when 5731 is divided by 2?
1
What is the remainder when 3077231 is divided by 615440?
31
What is the remainder when 14761 is divided by 3110?
2321
What is the remainder when 583319 is divided by 97219?
5
What is the remainder when 235868530 is divided by 101?
99
What is the remainder when 235756 is divided by 233913?
1843
What is the remainder when 108598 is divided by 27139?
42
Calculate the remainder when 31287 is divided by 15072.
1143
Calculate the remainder when 5401934 is divided by 1109.
1104
What is the remainder when 45230347 is divided by 213?
10
What is the remainder when 199321 is divided by 98027?
3267
Calculate the remainder when 1266104 is divided by 2336.
2328
What is the remainder when 3026036 is divided by 5273?
4607
Calculate the remainder when 94711678 is divided by 35.
33
What is the remainder when 358885984 is divided by 179442992?
0
What is the remainder when 362432526 is divided by 368?
366
What is the remainder when 2103644 is divided by 1051477?
690
What is the remainder when 56797021 is divided by 1092250?
21
What is the remainder when 808112 is divided by 1107?
2
Calculate the remainder when 4931414 is divided by 62.
58
What is the remainder when 330006 is divided by 1608?
366
What is the remainder when 1196108 is divided by 1196095?
13
What is the remainder when 327101840 is divided by 121?
120
What is the remainder when 197260099 is divided by 20?
19
What is the remainder when 1272229 is divided by 322?
7
Calculate the remainder when 41179196 is divided by 3730.
3726
What is the remainder when 69985 is divided by 5795?
445
What is the remainder when 596863 is divided by 1606?
1037
What is the remainder when 647856 is divided by 2854?
2852
What is the remainder when 753134 is divided by 376490?
154
What is the remainder when 104244009 is divided by 277984?
9
Calculate the remainder when 4753884 is divided by 2280.
84
What is the remainder when 199423 is divided by 49854?
7
Calculate the remainder when 577703499 is divided by 20.
19
What is the remainder when 175626 is divided by 14596?
474
Calculate the remainder when 12168957 is divided by 90813.
15
Calculate the remainder when 664488 is divided by 52.
32
What is the remainder when 64495 is divided by 64391?
104
Calculate the remainder when 441314460 is divided by 3371.
3366
What is the remainder when 7250782 is divided by 92?
78
What is the remainder when 194197242 is divided by 22?
8
What is the remainder when 1528217 is divided by 176?
9
Calculate the remainder when 170074471 is divided by 8503723.
11
Calculate the remainder when 15478057 is divided by 160.
137
Calculate the remainder when 4358351 is divided by 91.
88
What is the remainder when 467421 is divided by 77887?
99
Calculate the remainder when 209366 is divided by 3661.
689
What is the remainder when 1117843 is divided by 86?
15
What is the remainder when 21796 is divided by 2188?
2104
Calculate the remainder when 461781 is divided by 10940.
2301
Calculate the remainder when 4250976 is divided by 421.
139
What is the remainder when 253811996 is divided by 4000?
3996
What is the remainder when 20842 is divided by 825?
217
Calculate the remainder when 289127 is divided by 1807.
7
What is the remainder when 3774841 is divided by 1887415?
11
Calculate the remainder when 1324434 is divided by 1323934.
500
What is the remainder when 27367616 is divided by 7666?
7662
Calculate the remainder when 1224444 is divided by 79.
23
What is the remainder when 30640728 is divided by 23?
13
What is the remainder when 1494204 is divided by 4899?
9
Calculate the remainder when 3317417 is divided by 97565.
207
Calculate the remainder when 39090849 is divided by 138620.
9
What is the remainder when 20015232 is divided by 1109?
0
Calculate the remainder when 15896 is divided by 1270.
656
What is the remainder when 1766539 is divided by 1916?
1903
What is the remainder when 1644752 is divided by 790?
762
Calculate the remainder when 694463 is divided by 5373.
1346
Calculate the remainder when 350472174 is divided by 111.
108
What is the remainder when 320398 is divided by 320390?
8
What is the remainder when 1412263 is divided by 13711?
30
What is the remainder when 1912539 is divided by 8773?
25
Calculate the remainder when 592289 is divided by 85.
9
What is the remainder when 6115945 is divided by 3338?
729
Calculate the remainder when 92533 is divided by 45850.
833
What is the remainder when 489340 is divided by 97865?
15
What is the remainder when 58136 is divided by 462?
386
What is the remainder when 4518632 is divided by 251035?
2
What is the remainder when 737158 is divided by 6641?
7
What is the remainder when 1226480 is divided by 570?
410
Calculate the remainder when 14865 is divided by 655.
455
Calculate the remainder when 221965 is divided by 1620.
25
Calculate the remainder when 1319652 is divided by 146613.
135
Calculate the remainder when 113197 is divided by 984.
37
What is the remainder when 1441155 is divided by 1441131?
24
Calculate the remainder when 1713644 is divided by 856584.
476
What is the remainder when 134535 is divided by 28?
23
What is the remainder when 28230265 is divided by 784?
777
Calculate the remainder when 58836 is divided by 14677.
128
What is the remainder when 2937964 is divided by 90?
4
What is the remainder when 4041 is divided by 162?
153
Calculate the remainder when 650264 is divided by 9424.
8
Calculate the remainder when 20303 is divided by 2053.
1826
What is the remainder when 130709604 is divided by 7743?
21
Calculate the remainder when 642981 is divided by 107160.
21
Calculate the remainder when 275020213 is divided by 15.
13
What is the remainder when 2843539 is divided by 2733?
1219
What is the remainder when 24286645 is divided by 471?
1
What is the remainder when 87150 is divided by 21733?
218
Calculate the remainder when 15214757 is divided by 55.
52
What is the remainder when 1504822 is divided by 103?
95
What is the remainder when 552855 is divided by 184264?
63
Calculate the remainder when 504799 is divided by 84131.
13
Calculate the remainder when 31251616 is divided by 141.
94
Calculate the remainder when 15106876 is divided by 20.
16
Calc